{"id":11,"date":"2024-03-10T11:32:36","date_gmt":"2024-03-10T10:32:36","guid":{"rendered":"http:\/\/lathillaye.com\/?page_id=11"},"modified":"2024-04-20T10:39:05","modified_gmt":"2024-04-20T08:39:05","slug":"la-thillaye-residence-dartistes","status":"publish","type":"page","link":"https:\/\/lathillaye.com\/","title":{"rendered":"La Thillaye <br> R\u00e9sidence d&rsquo;artistes"},"content":{"rendered":"\n<figure class=\"wp-block-embed is-type-video is-provider-youtube wp-block-embed-youtube wp-embed-aspect-16-9 wp-has-aspect-ratio\"><div class=\"wp-block-embed__wrapper\">\n<iframe loading=\"lazy\" title=\"LA THILLAYE - R\u00e9sidence d&#039;artistes\" width=\"500\" height=\"281\" src=\"https:\/\/www.youtube.com\/embed\/-MOrb7sFuIo?feature=oembed\" frameborder=\"0\" allow=\"accelerometer; autoplay; clipboard-write; encrypted-media; gyroscope; picture-in-picture; web-share\" referrerpolicy=\"strict-origin-when-cross-origin\" allowfullscreen><\/iframe>\n<\/div><\/figure>\n\n\n\n<p>Au c\u0153ur du pays d\u2019Auge, \u00e0 15 km de Honfleur et \u00e0 10 minutes des plages normandes, La Thillaye, ancienne demeure du peintre Andr\u00e9 Hambourg et de son \u00e9pouse Nicole Rachet-Hambourg est aujourd\u2019hui une r\u00e9sidence d\u2019artistes.<\/p>\n\n\n\n<p>En groupe, seul, pour quelques heures ou plusieurs jours, ce lieu inspirant offre \u00e0 ses r\u00e9sidents un cadre privil\u00e9gi\u00e9 et unique propice \u00e0 leur cr\u00e9ation.<\/p>\n","protected":false},"excerpt":{"rendered":"<p>Au c\u0153ur du pays d\u2019Auge, \u00e0 15 km de Honfleur et \u00e0 10 minutes des plages normandes, La Thillaye, ancienne demeure du peintre Andr\u00e9 Hambourg et de son \u00e9pouse Nicole Rachet-Hambourg est aujourd\u2019hui une r\u00e9sidence d\u2019artistes. En groupe, seul, pour quelques heures ou plusieurs jours, ce lieu inspirant offre \u00e0 ses r\u00e9sidents un cadre privil\u00e9gi\u00e9 [&hellip;]<\/p>\n","protected":false},"author":3,"featured_media":0,"parent":0,"menu_order":0,"comment_status":"closed","ping_status":"closed","template":"","meta":{"footnotes":""},"class_list":["post-11","page","type-page","status-publish","hentry"],"_links":{"self":[{"href":"https:\/\/lathillaye.com\/index.php\/wp-json\/wp\/v2\/pages\/11","targetHints":{"allow":["GET"]}}],"collection":[{"href":"https:\/\/lathillaye.com\/index.php\/wp-json\/wp\/v2\/pages"}],"about":[{"href":"https:\/\/lathillaye.com\/index.php\/wp-json\/wp\/v2\/types\/page"}],"author":[{"embeddable":true,"href":"https:\/\/lathillaye.com\/index.php\/wp-json\/wp\/v2\/users\/3"}],"replies":[{"embeddable":true,"href":"https:\/\/lathillaye.com\/index.php\/wp-json\/wp\/v2\/comments?post=11"}],"version-history":[{"count":6,"href":"https:\/\/lathillaye.com\/index.php\/wp-json\/wp\/v2\/pages\/11\/revisions"}],"predecessor-version":[{"id":232,"href":"https:\/\/lathillaye.com\/index.php\/wp-json\/wp\/v2\/pages\/11\/revisions\/232"}],"wp:attachment":[{"href":"https:\/\/lathillaye.com\/index.php\/wp-json\/wp\/v2\/media?parent=11"}],"curies":[{"name":"wp","href":"https:\/\/api.w.org\/{rel}","templated":true}]}}